{"id":380,"date":"2016-07-20T14:31:00","date_gmt":"2016-07-20T18:31:00","guid":{"rendered":"http:\/\/biblio.brossard.ca\/fablab\/?page_id=380"},"modified":"2025-01-11T13:25:08","modified_gmt":"2025-01-11T18:25:08","slug":"imprimante-3d-resine","status":"publish","type":"page","link":"https:\/\/biblio.brossard.ca\/fablab\/imprimante-3d-resine\/","title":{"rendered":"Imprimante 3D \u00e0 r\u00e9sine"},"content":{"rendered":"<div class=\"box-flex\">\n<div class=\"data-fiche-machine\">\n<p><img decoding=\"async\" src=\"https:\/\/biblio.brossard.ca\/fablab\/wp-content\/uploads\/equipement\/machines\/imprimante_3d_resine\/imprimante_3d_resine-260.jpg\"><\/p>\n<table style=\"width: 100%;\">\n<tbody>\n<tr>\n<td style=\"width: 33%\"><img decoding=\"async\" class=\"aligncenter\" src=\"https:\/\/biblio.brossard.ca\/fablab\/wp-content\/uploads\/equipement\/machines\/imprimante_3d_resine\/velo_support_face.jpg\"><\/td>\n<td style=\"width: 33%\"><img decoding=\"async\" class=\"aligncenter\" src=\"https:\/\/biblio.brossard.ca\/fablab\/wp-content\/uploads\/equipement\/machines\/imprimante_3d_resine\/velo_support_enleve.jpg\"><\/td>\n<td style=\"width: 33%\"><img decoding=\"async\" class=\"aligncenter\" src=\"https:\/\/biblio.brossard.ca\/fablab\/wp-content\/uploads\/equipement\/machines\/imprimante_3d_resine\/velo_final.jpg\"><\/td>\n<\/tr>\n<\/tbody>\n<\/table>\n<p style=\"margin-top: 16px;\"><strong>Co\u00fbts<\/strong><\/p>\n<p>R\u00e9sine (noir ou translucide)<br \/>\nPrix membre : 0,25 $ \/ gramme<br \/>\nPrix non membre : 0,75 $ \/ gramme<\/p>\n<\/div>\n<div class=\"data-fiche-machine\">\n<p><strong>Formlabs Form 3<\/strong><\/p>\n<p>La technologie utilis\u00e9e par l\u2019appareil Form 3 est la SLA ou st\u00e9r\u00e9olithographie qui correspond au proc\u00e9d\u00e9 par lequel une lumi\u00e8re UV solidifie une couche de plastique liquide pour recr\u00e9er une forme pr\u00e9d\u00e9finie. Les pi\u00e8ces produites sont de tr\u00e8s grande qualit\u00e9, mais le co\u00fbt de la r\u00e9sine est plus \u00e9lev\u00e9 que le fil de PLA.<\/p>\n<p><strong><a href=\"https:\/\/docs.google.com\/forms\/d\/e\/1FAIpQLSeyskPIHcVEkUoTzvvl3PmfexRhfIHGAt4zHpSKDgf3I_6rog\/viewform?embedded=true\" target=\"_blank\" rel=\"noopener\">R\u00e9server cet \u00e9quipement<\/a><\/strong><\/p>\n<p><strong>Ce que l&rsquo;on peut faire<\/strong><\/p>\n<p>Prototypage et cr\u00e9ation de pi\u00e8ces, bijoux, d\u00e9corations et autres projets cr\u00e9atifs<\/p>\n<p><strong>Logiciels de cr\u00e9ation<\/strong><\/p>\n<p>Blender (mod\u00e9lisation)<br \/>\nTinkercad (mod\u00e9lisation)<br \/>\nMaya (mod\u00e9lisation)<\/p>\n<table>\n<tr>\n<th colspan=\"5\">Type(s) de fichier accept\u00e9(s)<\/th>\n<\/tr>\n<\/tr>\n<td>STL<\/td>\n<td>OBJ<\/td>\n<td><\/td>\n<td><\/td>\n<td><\/td>\n<\/tr>\n<\/table>\n<\/div>\n<\/div>\n<p><strong>Guide et tutoriel<\/strong><\/p>\n<p><a href=\"https:\/\/biblio.brossard.ca\/fablab\/wp-content\/uploads\/equipement\/machines\/imprimante_3d_resine\/guide_imprimante_3d_resine.pdf\" target=\"_blank\" rel=\"noopener\"><img decoding=\"async\" src=\"https:\/\/biblio.brossard.ca\/fablab\/wp-content\/uploads\/equipement\/machines\/imprimante_3d_resine\/guide_imprimante_3d_resine.jpg\"><\/a> <a href=\"https:\/\/biblio.brossard.ca\/fablab\/wp-content\/uploads\/equipement\/machines\/imprimante_3d_resine\/guide_imprimante_3d_resine.pdf\" target=\"_blank\" rel=\"noopener\">Guide d&rsquo;introduction : impression 3D (r\u00e9sine)<\/a><\/p>\n","protected":false},"excerpt":{"rendered":"<p>Co\u00fbts R\u00e9sine (noir ou translucide) Prix membre : 0,25 $ \/ gramme Prix non membre : 0,75 $ \/ gramme Formlabs Form 3 La technologie utilis\u00e9e par l\u2019appareil Form 3 est la SLA ou st\u00e9r\u00e9olithographie qui correspond au proc\u00e9d\u00e9 par lequel une lumi\u00e8re UV solidifie une couche de plastique liquide pour recr\u00e9er une forme pr\u00e9d\u00e9finie.&hellip;<\/p>\n","protected":false},"author":1,"featured_media":0,"parent":0,"menu_order":0,"comment_status":"closed","ping_status":"closed","template":"","meta":{"_monsterinsights_skip_tracking":false,"_monsterinsights_sitenote_active":false,"_monsterinsights_sitenote_note":"","_monsterinsights_sitenote_category":0,"footnotes":""},"class_list":["post-380","page","type-page","status-publish","hentry","no-thumb"],"jetpack_sharing_enabled":true,"publishpress_future_action":{"enabled":false,"date":"2026-05-14 05:03:52","action":"change-status","newStatus":"draft","terms":[],"taxonomy":"","extraData":[]},"publishpress_future_workflow_manual_trigger":{"enabledWorkflows":[]},"_links":{"self":[{"href":"https:\/\/biblio.brossard.ca\/fablab\/wp-json\/wp\/v2\/pages\/380","targetHints":{"allow":["GET"]}}],"collection":[{"href":"https:\/\/biblio.brossard.ca\/fablab\/wp-json\/wp\/v2\/pages"}],"about":[{"href":"https:\/\/biblio.brossard.ca\/fablab\/wp-json\/wp\/v2\/types\/page"}],"author":[{"embeddable":true,"href":"https:\/\/biblio.brossard.ca\/fablab\/wp-json\/wp\/v2\/users\/1"}],"replies":[{"embeddable":true,"href":"https:\/\/biblio.brossard.ca\/fablab\/wp-json\/wp\/v2\/comments?post=380"}],"version-history":[{"count":64,"href":"https:\/\/biblio.brossard.ca\/fablab\/wp-json\/wp\/v2\/pages\/380\/revisions"}],"predecessor-version":[{"id":4057,"href":"https:\/\/biblio.brossard.ca\/fablab\/wp-json\/wp\/v2\/pages\/380\/revisions\/4057"}],"wp:attachment":[{"href":"https:\/\/biblio.brossard.ca\/fablab\/wp-json\/wp\/v2\/media?parent=380"}],"curies":[{"name":"wp","href":"https:\/\/api.w.org\/{rel}","templated":true}]}}