{"id":2897,"date":"2019-02-19T16:32:50","date_gmt":"2019-02-19T21:32:50","guid":{"rendered":"https:\/\/biblio.brossard.ca\/fablab\/?page_id=2897"},"modified":"2025-01-11T11:34:42","modified_gmt":"2025-01-11T16:34:42","slug":"imprimante-3d-filament-2","status":"publish","type":"page","link":"https:\/\/biblio.brossard.ca\/fablab\/imprimante-3d-filament-2\/","title":{"rendered":"Imprimantes 3D \u00e0 filament"},"content":{"rendered":"<div class=\"box-flex\">\n<div class=\"data-fiche-machine\">\n<p><img decoding=\"async\" src=\"https:\/\/biblio.brossard.ca\/fablab\/wp-content\/uploads\/equipement\/machines\/imprimante_3d_filament_2\/imprimante_3d_filament_2-260.jpg\"><\/p>\n<table style=\"width: 100%;\">\n<tbody>\n<tr>\n<td style=\"width: 33%\"><img decoding=\"async\" class=\"aligncenter\" src=\"https:\/\/biblio.brossard.ca\/fablab\/wp-content\/uploads\/equipement\/machines\/imprimante_3d_filament\/chien_noir.jpg\"><\/td>\n<td style=\"width: 33%\"><img decoding=\"async\" class=\"aligncenter\" src=\"https:\/\/biblio.brossard.ca\/fablab\/wp-content\/uploads\/equipement\/machines\/imprimante_3d_filament\/porte-cles.jpg\"><\/td>\n<td style=\"width: 33%\"><img decoding=\"async\" class=\"aligncenter\" src=\"https:\/\/biblio.brossard.ca\/fablab\/wp-content\/uploads\/equipement\/machines\/imprimante_3d_filament\/stormtrooper_buddha_noir.jpg\"><\/td>\n<\/tr>\n<\/tbody>\n<\/table>\n<p style=\"margin-top: 16px;\"><strong>Co\u00fbts<\/strong><\/p>\n<p>Filament PLA<br \/>\nPrix membre : 0,15 $ \/ gramme<br \/>\nPrix non membre : 0,30 $ \/ gramme<\/p>\n<\/div>\n<div class=\"data-fiche-machine\">\n<p><strong>Bambu Lab X1-Carbon<\/strong><\/p>\n<p>Cet appareil utilise le proc\u00e9d\u00e9 de d\u00e9p\u00f4t de filament fondu pour cr\u00e9er des objets en trois dimensions. Les fils de PLA (thermoplastique biod\u00e9gradable) utilis\u00e9s sont disponibles dans une grande vari\u00e9t\u00e9 de couleurs.<\/p>\n<p><strong><a href=\"https:\/\/docs.google.com\/forms\/d\/e\/1FAIpQLSeyskPIHcVEkUoTzvvl3PmfexRhfIHGAt4zHpSKDgf3I_6rog\/viewform?embedded=true\" target=\"_blank\" rel=\"noopener\">R\u00e9server cet \u00e9quipement<\/a><\/strong><\/p>\n<p><strong>Ce que l&rsquo;on peut faire<\/strong><\/p>\n<p>Prototypage et cr\u00e9ation de pi\u00e8ces, bijoux, d\u00e9corations et autres projets cr\u00e9atifs<\/p>\n<p><strong>Logiciels de cr\u00e9ation<\/strong><\/p>\n<p>Blender (mod\u00e9lisation)<br \/>\nTinkercad (mod\u00e9lisation)<br \/>\nMaya (mod\u00e9lisation)<\/p>\n<table>\n<tr>\n<th colspan=\"5\">Type(s) de fichier accept\u00e9(s)<\/th>\n<\/tr>\n<\/tr>\n<td>STL<\/td>\n<td>OBJ<\/td>\n<td>UFP<\/td>\n<td><\/td>\n<td><\/td>\n<\/tr>\n<\/table>\n<\/div>\n<\/div>\n","protected":false},"excerpt":{"rendered":"<p>Co\u00fbts Filament PLA Prix membre : 0,15 $ \/ gramme Prix non membre : 0,30 $ \/ gramme Bambu Lab X1-Carbon Cet appareil utilise le proc\u00e9d\u00e9 de d\u00e9p\u00f4t de filament fondu pour cr\u00e9er des objets en trois dimensions. Les fils de PLA (thermoplastique biod\u00e9gradable) utilis\u00e9s sont disponibles dans une grande vari\u00e9t\u00e9 de couleurs. R\u00e9server cet&hellip;<\/p>\n","protected":false},"author":1,"featured_media":0,"parent":0,"menu_order":0,"comment_status":"closed","ping_status":"closed","template":"","meta":{"_monsterinsights_skip_tracking":false,"_monsterinsights_sitenote_active":false,"_monsterinsights_sitenote_note":"","_monsterinsights_sitenote_category":0,"footnotes":""},"class_list":["post-2897","page","type-page","status-publish","hentry","no-thumb"],"jetpack_sharing_enabled":true,"publishpress_future_action":{"enabled":false,"date":"2026-04-30 12:02:04","action":"change-status","newStatus":"draft","terms":[],"taxonomy":"","extraData":[]},"publishpress_future_workflow_manual_trigger":{"enabledWorkflows":[]},"_links":{"self":[{"href":"https:\/\/biblio.brossard.ca\/fablab\/wp-json\/wp\/v2\/pages\/2897","targetHints":{"allow":["GET"]}}],"collection":[{"href":"https:\/\/biblio.brossard.ca\/fablab\/wp-json\/wp\/v2\/pages"}],"about":[{"href":"https:\/\/biblio.brossard.ca\/fablab\/wp-json\/wp\/v2\/types\/page"}],"author":[{"embeddable":true,"href":"https:\/\/biblio.brossard.ca\/fablab\/wp-json\/wp\/v2\/users\/1"}],"replies":[{"embeddable":true,"href":"https:\/\/biblio.brossard.ca\/fablab\/wp-json\/wp\/v2\/comments?post=2897"}],"version-history":[{"count":19,"href":"https:\/\/biblio.brossard.ca\/fablab\/wp-json\/wp\/v2\/pages\/2897\/revisions"}],"predecessor-version":[{"id":4046,"href":"https:\/\/biblio.brossard.ca\/fablab\/wp-json\/wp\/v2\/pages\/2897\/revisions\/4046"}],"wp:attachment":[{"href":"https:\/\/biblio.brossard.ca\/fablab\/wp-json\/wp\/v2\/media?parent=2897"}],"curies":[{"name":"wp","href":"https:\/\/api.w.org\/{rel}","templated":true}]}}